{"id":552,"date":"2012-09-12T19:12:21","date_gmt":"2012-09-12T19:12:21","guid":{"rendered":"http:\/\/werner0304.alfahosting.org\/wordpress\/?page_id=552"},"modified":"2022-06-18T12:55:10","modified_gmt":"2022-06-18T11:55:10","slug":"eduard-luhr","status":"publish","type":"page","link":"https:\/\/www.rostock-frueher.de\/wordpress\/?page_id=552","title":{"rendered":"Eduard L\u00fchr"},"content":{"rendered":"<p>Am 21.11.1892 erschien folgende Anzeige in der Rostocker Zeitung:<br \/>\n\u201eRostock, 15.11.1892<br \/>\nHiedurch die ergebene Anzeige, da\u00df ich mit dem heutigen Tage mein seit 25 Jahren bestehendes photographisches Gesch\u00e4ft an Herrn Eduard L\u00fchr, z.Z. in L\u00fcneburg, abgetreten habe.<br \/>\nIndem ich meinen Herrn Nachfolger, der in den ersten Ateliers von Wien, M\u00fcnchen, Hamburg und Berlin mit Erfolg th\u00e4tig gewesen ist, hiermit bestens empfehle, bemerke ich zugleich, da\u00df das Atelier renovirt und nach den Prinzipien der Neuzeit eingerichtet ist. In Verbindung und Anwendung feinster Instrumente wird das Atelier den h\u00f6chsten Anspr\u00fcchen gen\u00fcgen.<br \/>\nBest, Gro\u00dfherzogl. Hofphotograph.<br \/>\n_________________<br \/>\nUnter Bezugnahme auf Obiges erlaube ich mir ganz ergebenst mein photographisches Gesch\u00e4ft Blutstra\u00dfe 14 angelegentlichst zu empfehlen, versichernd, unter angemessener Preisnotirung das Beste in der Photographie liefern zu wollen.<br \/>\nAlle Neuheiten, als: Platina-Bilder, Vergr\u00f6\u00dferungen auf Bromsilber-Papier, Aristo- u. Cello\u00efdin-Papier, Colorits in Oel, Pastell und Aquarell kommen in eigener Ausf\u00fchrung zur Lieferung. Indem ich mich dem verehrl. Publikum Rostocks und Umgebung bestens empfehle, zeichne<br \/>\nHochachtungsvoll<br \/>\nEduard L\u00fchr, Photograph u. Maler.\u201c<br \/>\n<a href=\"http:\/\/werner0304.alfahosting.org\/wordpress\/wp-content\/uploads\/2012\/09\/best-luehr-rz-1892-11-21Kopie.jpg\"><img loading=\"lazy\" decoding=\"async\" class=\"aligncenter size-full wp-image-532\" title=\"best-luehr-rz-1892-11-21Kopie\" src=\"http:\/\/werner0304.alfahosting.org\/wordpress\/wp-content\/uploads\/2012\/09\/best-luehr-rz-1892-11-21Kopie.jpg\" alt=\"\" width=\"576\" height=\"189\" srcset=\"https:\/\/www.rostock-frueher.de\/wordpress\/wp-content\/uploads\/2012\/09\/best-luehr-rz-1892-11-21Kopie.jpg 576w, https:\/\/www.rostock-frueher.de\/wordpress\/wp-content\/uploads\/2012\/09\/best-luehr-rz-1892-11-21Kopie-300x98.jpg 300w\" sizes=\"auto, (max-width: 576px) 100vw, 576px\" \/><\/a>Kannten die Leser der Rostocker Zeitung im Jahr 1892 die Unterschiede zwischen Platina-, Bromsilber- und Aristo-Papieren und wussten sie, ob diese Papiere wirklich Neuheiten waren?<br \/>\nZu den Platino-Bildern waren zehn Jahre zuvor,\u00a01882, Studien von Giuseppe Pizzighelli und Arthur Freiherr von H\u00fcbl ver\u00f6ffentlicht worden.<br \/>\nNoch \u00e4lter ist das Bromsilbergelantine-Verfahren. 1871 gab der englische Arzt Dr. Maddox eine Anleitung zur Herstellung von Bromsilbergelantinetrockenplatten bekannt. Im Jahr 1879 begann die fabrikatorische Produktion von Bromsilbergelantinetrockenplatten. In den 1890er Jahren war die Anwendung weitverbreitet. Aristo- oder auch Chlorsilbergelantinepapiere waren seit 1884, Cello\u00efdin- oder auch Chlorsilberkollodium-Papiere bereits ab 1868 im Handel. Sie l\u00f6sten in den 1890er Jahren die Vorherrschaft der Albuminpapiere ab. Auch das Kolorieren von Fotografieren war keine Neuheit. Neuheiten? &#8230; Verbuchen wir das Ganze unter Werbespruch.<\/p>\n<p>L\u00fchr fotografierte nicht nur, er handelte auch mit Fotoapparaten und bot sich sogar an, gratis Unterricht zu erteilen. Es steht zu vermuten, dass sich L\u00fchr mit dieser Gesch\u00e4ftsidee unter den Berufskollegen nicht nur Freunde machte. Die vermeintliche Konkurrenz der Fotoamateure und Dilettanten f\u00fcr die Berufsfotografen war in den 1890er Jahren in der Fachpresse ein ausf\u00fchrlich und kontrovers diskutiertes Thema.<br \/>\n<a href=\"http:\/\/werner0304.alfahosting.org\/wordpress\/wp-content\/uploads\/2012\/09\/luehr-ra-1892-12-15.jpg\"><img loading=\"lazy\" decoding=\"async\" class=\"aligncenter size-full wp-image-1297\" src=\"http:\/\/werner0304.alfahosting.org\/wordpress\/wp-content\/uploads\/2012\/09\/luehr-ra-1892-12-15.jpg\" alt=\"luehr-ra-1892-12-15\" width=\"861\" height=\"199\" srcset=\"https:\/\/www.rostock-frueher.de\/wordpress\/wp-content\/uploads\/2012\/09\/luehr-ra-1892-12-15.jpg 861w, https:\/\/www.rostock-frueher.de\/wordpress\/wp-content\/uploads\/2012\/09\/luehr-ra-1892-12-15-300x69.jpg 300w\" sizes=\"auto, (max-width: 861px) 100vw, 861px\" \/><\/a>Rostocker Anzeiger, 15.12.1892<\/p>\n<p>Eduard L\u00fchr kam wie der in Rostock deutlich bekanntere Raphael Peters auch aus L\u00fcneburg. Ob Peters ihn nach Rostock holte, ist nicht \u00fcberliefert.<br \/>\nEinige Aufnahmen aus der kurzen Rostocker Zeit von L\u00fchr haben sich erhalten.<br \/>\n<a href=\"http:\/\/werner0304.alfahosting.org\/wordpress\/wp-content\/uploads\/2012\/09\/luehr-frau-1893-94-cdv-Kopie.jpg\"><img loading=\"lazy\" decoding=\"async\" class=\"aligncenter size-full wp-image-537\" title=\"luehr-frau-1893-94-cdv-Kopie\" src=\"http:\/\/werner0304.alfahosting.org\/wordpress\/wp-content\/uploads\/2012\/09\/luehr-frau-1893-94-cdv-Kopie.jpg\" alt=\"\" width=\"331\" height=\"528\" srcset=\"https:\/\/www.rostock-frueher.de\/wordpress\/wp-content\/uploads\/2012\/09\/luehr-frau-1893-94-cdv-Kopie.jpg 331w, https:\/\/www.rostock-frueher.de\/wordpress\/wp-content\/uploads\/2012\/09\/luehr-frau-1893-94-cdv-Kopie-188x300.jpg 188w\" sizes=\"auto, (max-width: 331px) 100vw, 331px\" \/><\/a><br \/>\n<a href=\"http:\/\/werner0304.alfahosting.org\/wordpress\/wp-content\/uploads\/2012\/09\/luehr-frau-1893-94-cdv-rueck-Kopie.jpg\"><img loading=\"lazy\" decoding=\"async\" class=\"aligncenter size-full wp-image-538\" title=\"luehr-frau-1893-94-cdv-rueck-Kopie\" src=\"http:\/\/werner0304.alfahosting.org\/wordpress\/wp-content\/uploads\/2012\/09\/luehr-frau-1893-94-cdv-rueck-Kopie.jpg\" alt=\"\" width=\"328\" height=\"533\" srcset=\"https:\/\/www.rostock-frueher.de\/wordpress\/wp-content\/uploads\/2012\/09\/luehr-frau-1893-94-cdv-rueck-Kopie.jpg 328w, https:\/\/www.rostock-frueher.de\/wordpress\/wp-content\/uploads\/2012\/09\/luehr-frau-1893-94-cdv-rueck-Kopie-184x300.jpg 184w\" sizes=\"auto, (max-width: 328px) 100vw, 328px\" \/><\/a><\/p>\n<p style=\"text-align: left;\"><img loading=\"lazy\" decoding=\"async\" class=\"aligncenter size-full wp-image-535\" title=\"Luehr-aKopie\" src=\"http:\/\/werner0304.alfahosting.org\/wordpress\/wp-content\/uploads\/2012\/09\/Luehr-aKopie.jpg\" alt=\"\" width=\"330\" height=\"524\" srcset=\"https:\/\/www.rostock-frueher.de\/wordpress\/wp-content\/uploads\/2012\/09\/Luehr-aKopie.jpg 330w, https:\/\/www.rostock-frueher.de\/wordpress\/wp-content\/uploads\/2012\/09\/Luehr-aKopie-188x300.jpg 188w\" sizes=\"auto, (max-width: 330px) 100vw, 330px\" \/>\u00a0\u00a0\u00a0\u00a0\u00a0\u00a0\u00a0\u00a0\u00a0\u00a0\u00a0\u00a0\u00a0\u00a0\u00a0\u00a0\u00a0\u00a0\u00a0\u00a0\u00a0\u00a0\u00a0\u00a0\u00a0\u00a0\u00a9 f\u00fcr diese Aufnahme: Bernd Wollschl\u00e4ger, Ludwigslust<br \/>\nDie Aufnahme stammt von Dezember 1893. Was haben die M\u00fctzen zu bedeuten? Auf der R\u00fcckseite der Fotografie findet sich das K\u00fcrzel R.T.C., was wohl f\u00fcr Rostocker Tennis Club steht. Wurde 1893 mit K\u00e4ppi Tennis gespielt?<br \/>\n<a href=\"http:\/\/werner0304.alfahosting.org\/wordpress\/?attachment_id=771\" rel=\"attachment wp-att-771\"><img loading=\"lazy\" decoding=\"async\" class=\"aligncenter size-full wp-image-771\" src=\"http:\/\/werner0304.alfahosting.org\/wordpress\/wp-content\/uploads\/2013\/01\/luehr-jordan-frau-2-cdv-Kopie.jpg\" alt=\"luehr-jordan-frau-2-cdv-Kopie\" width=\"581\" height=\"472\" srcset=\"https:\/\/www.rostock-frueher.de\/wordpress\/wp-content\/uploads\/2013\/01\/luehr-jordan-frau-2-cdv-Kopie.jpg 581w, https:\/\/www.rostock-frueher.de\/wordpress\/wp-content\/uploads\/2013\/01\/luehr-jordan-frau-2-cdv-Kopie-300x243.jpg 300w\" sizes=\"auto, (max-width: 581px) 100vw, 581px\" \/><\/a><\/p>\n<p>Im Jahr 1894 zog L\u00fchr zur\u00fcck nach L\u00fcneburg. Noch eine Weile nutzte er die Untersatzkartons aus der Rostocker Zeit weiter und\u00a0lie\u00df die neue Anschrift eindrucken (rechts neben dem Namenszug auf der Vorderseite).<br \/>\n<a href=\"http:\/\/werner0304.alfahosting.org\/wordpress\/wp-content\/uploads\/2012\/09\/luehr-paar-rostock-lueneburg-cdv-Kopie.jpg\"><img loading=\"lazy\" decoding=\"async\" class=\"aligncenter size-full wp-image-1301\" src=\"http:\/\/werner0304.alfahosting.org\/wordpress\/wp-content\/uploads\/2012\/09\/luehr-paar-rostock-lueneburg-cdv-Kopie.jpg\" alt=\"luehr-paar-rostock-lueneburg-cdv-Kopie\" width=\"578\" height=\"472\" srcset=\"https:\/\/www.rostock-frueher.de\/wordpress\/wp-content\/uploads\/2012\/09\/luehr-paar-rostock-lueneburg-cdv-Kopie.jpg 578w, https:\/\/www.rostock-frueher.de\/wordpress\/wp-content\/uploads\/2012\/09\/luehr-paar-rostock-lueneburg-cdv-Kopie-300x244.jpg 300w\" sizes=\"auto, (max-width: 578px) 100vw, 578px\" \/><\/a><br \/>\nIn L\u00fcneburg\u00a0betrieb der Sohn eines Sattlermeisters\u00a0mit seinem Bruder Friedrich Wilhelm Ferdinand sp\u00e4testens ab 1879 ein Atelier Auf der Altstadt 48.<a href=\"http:\/\/werner0304.alfahosting.org\/wordpress\/wp-content\/uploads\/2012\/09\/luehr-1883-adr-buchKopie.jpg\"><img loading=\"lazy\" decoding=\"async\" class=\"aligncenter size-full wp-image-533\" title=\"luehr-1883-adr-buchKopie\" src=\"http:\/\/werner0304.alfahosting.org\/wordpress\/wp-content\/uploads\/2012\/09\/luehr-1883-adr-buchKopie.jpg\" alt=\"\" width=\"522\" height=\"461\" srcset=\"https:\/\/www.rostock-frueher.de\/wordpress\/wp-content\/uploads\/2012\/09\/luehr-1883-adr-buchKopie.jpg 522w, https:\/\/www.rostock-frueher.de\/wordpress\/wp-content\/uploads\/2012\/09\/luehr-1883-adr-buchKopie-300x264.jpg 300w\" sizes=\"auto, (max-width: 522px) 100vw, 522px\" \/><\/a>\u00a0\u00a0\u00a0\u00a0\u00a0\u00a0\u00a0\u00a0\u00a0\u00a0\u00a0\u00a0\u00a0\u00a0\u00a0\u00a0\u00a0\u00a0\u00a0\u00a0\u00a0\u00a0\u00a0\u00a0\u00a0\u00a0\u00a0\u00a0 \u00a0Anzeige im L\u00fcneburger Adressbuch 1883<\/p>\n<p><img loading=\"lazy\" decoding=\"async\" class=\"aligncenter size-full wp-image-539\" title=\"luehr-gebrueder-lueneburg-k\" src=\"http:\/\/werner0304.alfahosting.org\/wordpress\/wp-content\/uploads\/2012\/09\/luehr-gebrueder-lueneburg-k.jpg\" alt=\"\" width=\"322\" height=\"547\" srcset=\"https:\/\/www.rostock-frueher.de\/wordpress\/wp-content\/uploads\/2012\/09\/luehr-gebrueder-lueneburg-k.jpg 322w, https:\/\/www.rostock-frueher.de\/wordpress\/wp-content\/uploads\/2012\/09\/luehr-gebrueder-lueneburg-k-176x300.jpg 176w\" sizes=\"auto, (max-width: 322px) 100vw, 322px\" \/>\u00a0\u00a0\u00a0\u00a0\u00a0\u00a0\u00a0\u00a0\u00a0\u00a0\u00a0\u00a0\u00a0\u00a0\u00a0\u00a0\u00a0\u00a0\u00a0\u00a0\u00a0\u00a0\u00a0 \u00a0\u00a0\u00a0\u00a0\u00a0 Visitportr\u00e4t, leicht koloriert<\/p>\n<p><a href=\"http:\/\/werner0304.alfahosting.org\/wordpress\/wp-content\/uploads\/2012\/09\/luehr-gebrueder-lueneburg-rueck-k.jpg\"><img loading=\"lazy\" decoding=\"async\" class=\"aligncenter size-full wp-image-540\" title=\"luehr-gebrueder-lueneburg-rueck-k\" src=\"http:\/\/werner0304.alfahosting.org\/wordpress\/wp-content\/uploads\/2012\/09\/luehr-gebrueder-lueneburg-rueck-k.jpg\" alt=\"\" width=\"325\" height=\"545\" \/><\/a><\/p>\n<p>Nach dem Umzug Eduards nach Rostock (und wohl auch nach dessen R\u00fcckkehr) f\u00fchrte der Bruder Wilhelm das Atelier bis 1902 allein weiter, handelte anschlie\u00dfend zwei Jahre mit photographischen Apparaten und Bedarfsartikeln, um ab 1905 als Hausmakler t\u00e4tig zu werden. Das Atelier \u00fcbernahm Anna Koch.<a href=\"http:\/\/werner0304.alfahosting.org\/wordpress\/wp-content\/uploads\/2012\/09\/lueneburg-luehr-wilhelm-kinder-cdv-Kopie.jpg\"><img loading=\"lazy\" decoding=\"async\" class=\"aligncenter size-full wp-image-549\" title=\"lueneburg-luehr-wilhelm-kinder-cdv-Kopie\" src=\"http:\/\/werner0304.alfahosting.org\/wordpress\/wp-content\/uploads\/2012\/09\/lueneburg-luehr-wilhelm-kinder-cdv-Kopie.jpg\" alt=\"\" width=\"331\" height=\"542\" srcset=\"https:\/\/www.rostock-frueher.de\/wordpress\/wp-content\/uploads\/2012\/09\/lueneburg-luehr-wilhelm-kinder-cdv-Kopie.jpg 331w, https:\/\/www.rostock-frueher.de\/wordpress\/wp-content\/uploads\/2012\/09\/lueneburg-luehr-wilhelm-kinder-cdv-Kopie-183x300.jpg 183w\" sizes=\"auto, (max-width: 331px) 100vw, 331px\" \/><\/a>\u00a0\u00a0\u00a0\u00a0\u00a0\u00a0\u00a0\u00a0\u00a0\u00a0\u00a0\u00a0\u00a0\u00a0\u00a0\u00a0\u00a0\u00a0\u00a0\u00a0 \u00a0\u00a0\u00a0\u00a0\u00a0\u00a0 CDV von Wilhelm L\u00fchr, leicht beschnitten<br \/>\n<a href=\"http:\/\/werner0304.alfahosting.org\/wordpress\/wp-content\/uploads\/2012\/09\/lueneburg-luehr-wilhelm-kinder-cdv-rueck-Kopie.jpg\"><img loading=\"lazy\" decoding=\"async\" class=\"aligncenter size-full wp-image-550\" title=\"lueneburg-luehr-wilhelm-kinder-cdv-rueck-Kopie\" src=\"http:\/\/werner0304.alfahosting.org\/wordpress\/wp-content\/uploads\/2012\/09\/lueneburg-luehr-wilhelm-kinder-cdv-rueck-Kopie.jpg\" alt=\"\" width=\"332\" height=\"544\" srcset=\"https:\/\/www.rostock-frueher.de\/wordpress\/wp-content\/uploads\/2012\/09\/lueneburg-luehr-wilhelm-kinder-cdv-rueck-Kopie.jpg 332w, https:\/\/www.rostock-frueher.de\/wordpress\/wp-content\/uploads\/2012\/09\/lueneburg-luehr-wilhelm-kinder-cdv-rueck-Kopie-183x300.jpg 183w\" sizes=\"auto, (max-width: 332px) 100vw, 332px\" \/><\/a>\u00a0\u00a0\u00a0\u00a0\u00a0\u00a0\u00a0\u00a0\u00a0\u00a0\u00a0\u00a0\u00a0\u00a0\u00a0\u00a0\u00a0\u00a0\u00a0\u00a0\u00a0\u00a0\u00a0\u00a0 \u00a0\u00a0\u00a0 \u00a0&#8230; und die R\u00fcckseite<\/p>\n<p><a href=\"http:\/\/werner0304.alfahosting.org\/wordpress\/wp-content\/uploads\/2012\/09\/lueneburg-koch-Kopie.jpg\"><img loading=\"lazy\" decoding=\"async\" class=\"aligncenter size-full wp-image-545\" title=\"lueneburg-koch-Kopie\" src=\"http:\/\/werner0304.alfahosting.org\/wordpress\/wp-content\/uploads\/2012\/09\/lueneburg-koch-Kopie.jpg\" alt=\"\" width=\"219\" height=\"526\" \/><\/a>\u00a0\u00a0\u00a0\u00a0\u00a0\u00a0\u00a0\u00a0\u00a0\u00a0\u00a0\u00a0\u00a0\u00a0\u00a0\u00a0\u00a0\u00a0\u00a0\u00a0\u00a0\u00a0\u00a0\u00a0\u00a0 \u00a0\u00a0 CDV von Anna Koch im Pokornyformat<a href=\"http:\/\/werner0304.alfahosting.org\/wordpress\/wp-content\/uploads\/2012\/09\/lueneburg-koch-r-Kopie.jpg\"><img loading=\"lazy\" decoding=\"async\" class=\"aligncenter size-full wp-image-546\" title=\"lueneburg-koch-r-Kopie\" src=\"http:\/\/werner0304.alfahosting.org\/wordpress\/wp-content\/uploads\/2012\/09\/lueneburg-koch-r-Kopie.jpg\" alt=\"\" width=\"523\" height=\"220\" srcset=\"https:\/\/www.rostock-frueher.de\/wordpress\/wp-content\/uploads\/2012\/09\/lueneburg-koch-r-Kopie.jpg 523w, https:\/\/www.rostock-frueher.de\/wordpress\/wp-content\/uploads\/2012\/09\/lueneburg-koch-r-Kopie-300x126.jpg 300w\" sizes=\"auto, (max-width: 523px) 100vw, 523px\" \/><\/a><br \/>\nEduard L\u00fchr f\u00fchrte nach seiner R\u00fcckkehr aus Rostock von 1895 bis 1900 eine Photographische Manufactur An den Brodb\u00e4nken 5.<a href=\"http:\/\/werner0304.alfahosting.org\/wordpress\/wp-content\/uploads\/2012\/09\/luehr-1896-anzeige-adrbuchK.jpg\"><img loading=\"lazy\" decoding=\"async\" class=\"aligncenter size-full wp-image-534\" title=\"luehr-1896-anzeige-adrbuchK\" src=\"http:\/\/werner0304.alfahosting.org\/wordpress\/wp-content\/uploads\/2012\/09\/luehr-1896-anzeige-adrbuchK.jpg\" alt=\"\" width=\"529\" height=\"355\" srcset=\"https:\/\/www.rostock-frueher.de\/wordpress\/wp-content\/uploads\/2012\/09\/luehr-1896-anzeige-adrbuchK.jpg 529w, https:\/\/www.rostock-frueher.de\/wordpress\/wp-content\/uploads\/2012\/09\/luehr-1896-anzeige-adrbuchK-300x201.jpg 300w\" sizes=\"auto, (max-width: 529px) 100vw, 529px\" \/><\/a>\u00a0\u00a0\u00a0\u00a0\u00a0\u00a0\u00a0\u00a0\u00a0\u00a0\u00a0\u00a0\u00a0\u00a0\u00a0\u00a0\u00a0\u00a0\u00a0\u00a0 \u00a0\u00a0\u00a0\u00a0\u00a0\u00a0\u00a0\u00a0 Anzeige im L\u00fcneburger Adre\u00dfbuch 1896<\/p>\n<p><a href=\"http:\/\/werner0304.alfahosting.org\/wordpress\/wp-content\/uploads\/2012\/09\/luehr-lueneburg-ak-kl.jpg\"><img loading=\"lazy\" decoding=\"async\" class=\"aligncenter size-full wp-image-541\" title=\"luehr-lueneburg-ak-kl\" src=\"http:\/\/werner0304.alfahosting.org\/wordpress\/wp-content\/uploads\/2012\/09\/luehr-lueneburg-ak-kl.jpg\" alt=\"\" width=\"509\" height=\"394\" srcset=\"https:\/\/www.rostock-frueher.de\/wordpress\/wp-content\/uploads\/2012\/09\/luehr-lueneburg-ak-kl.jpg 509w, https:\/\/www.rostock-frueher.de\/wordpress\/wp-content\/uploads\/2012\/09\/luehr-lueneburg-ak-kl-300x232.jpg 300w\" sizes=\"auto, (max-width: 509px) 100vw, 509px\" \/><\/a>\u00a0\u00a0\u00a0\u00a0\u00a0\u00a0\u00a0\u00a0\u00a0\u00a0\u00a0\u00a0\u00a0\u00a0\u00a0\u00a0\u00a0\u00a0\u00a0\u00a0\u00a0 \u00a0\u00a0\u00a0\u00a0\u00a0 \u00a0 Mondscheinkarte von Eduard L\u00fchr<\/p>\n<p><a href=\"http:\/\/werner0304.alfahosting.org\/wordpress\/wp-content\/uploads\/2012\/09\/luehr-radbruch-ak-kl.jpg\"><img loading=\"lazy\" decoding=\"async\" class=\"aligncenter size-full wp-image-544\" title=\"luehr-radbruch-ak-kl\" src=\"http:\/\/werner0304.alfahosting.org\/wordpress\/wp-content\/uploads\/2012\/09\/luehr-radbruch-ak-kl.jpg\" alt=\"\" width=\"523\" height=\"243\" srcset=\"https:\/\/www.rostock-frueher.de\/wordpress\/wp-content\/uploads\/2012\/09\/luehr-radbruch-ak-kl.jpg 523w, https:\/\/www.rostock-frueher.de\/wordpress\/wp-content\/uploads\/2012\/09\/luehr-radbruch-ak-kl-300x139.jpg 300w\" sizes=\"auto, (max-width: 523px) 100vw, 523px\" \/><\/a>Postkartenmotiv. Links zu lesen: \u201eEduard L\u00fchr. L\u00fcneburg\u201c In beide Ansichten des Hauses von Sch\u00e4fer Ast ist in den Baumst\u00e4mmen als Copyright eingebracht: \u201eGebr. L\u00fchr, L\u00fcneburg 1894\u201c.<\/p>\n<p><a href=\"http:\/\/werner0304.alfahosting.org\/wordpress\/wp-content\/uploads\/2012\/09\/luehr-radbruch-ak-2.jpg\"><img loading=\"lazy\" decoding=\"async\" class=\"aligncenter size-full wp-image-543\" title=\"luehr-radbruch-ak-2\" src=\"http:\/\/werner0304.alfahosting.org\/wordpress\/wp-content\/uploads\/2012\/09\/luehr-radbruch-ak-2.jpg\" alt=\"\" width=\"647\" height=\"307\" srcset=\"https:\/\/www.rostock-frueher.de\/wordpress\/wp-content\/uploads\/2012\/09\/luehr-radbruch-ak-2.jpg 647w, https:\/\/www.rostock-frueher.de\/wordpress\/wp-content\/uploads\/2012\/09\/luehr-radbruch-ak-2-300x142.jpg 300w\" sizes=\"auto, (max-width: 647px) 100vw, 647px\" \/><\/a><br \/>\n<a href=\"http:\/\/werner0304.alfahosting.org\/wordpress\/wp-content\/uploads\/2012\/09\/luehr-lueneburg-fo-kl.jpg\"><img loading=\"lazy\" decoding=\"async\" class=\"aligncenter size-full wp-image-542\" title=\"luehr-lueneburg-fo-kl\" src=\"http:\/\/werner0304.alfahosting.org\/wordpress\/wp-content\/uploads\/2012\/09\/luehr-lueneburg-fo-kl.jpg\" alt=\"\" width=\"335\" height=\"438\" srcset=\"https:\/\/www.rostock-frueher.de\/wordpress\/wp-content\/uploads\/2012\/09\/luehr-lueneburg-fo-kl.jpg 335w, https:\/\/www.rostock-frueher.de\/wordpress\/wp-content\/uploads\/2012\/09\/luehr-lueneburg-fo-kl-229x300.jpg 229w\" sizes=\"auto, (max-width: 335px) 100vw, 335px\" \/><\/a>\u00a0\u00a0\u00a0\u00a0\u00a0\u00a0\u00a0\u00a0\u00a0\u00a0\u00a0\u00a0\u00a0\u00a0\u00a0\u00a0\u00a0\u00a0\u00a0\u00a0\u00a0\u00a0\u00a0\u00a0\u00a0L\u00fcneburg. Alte Giebel Am Sande. Fotografie von 1895<\/p>\n<p>Ab 1903 betrieb Hermann Schr\u00f6der das Atelier.<a href=\"http:\/\/werner0304.alfahosting.org\/wordpress\/wp-content\/uploads\/2012\/09\/lueneburg-schroeder-Kopie.jpg\"><img loading=\"lazy\" decoding=\"async\" class=\"aligncenter size-full wp-image-551\" title=\"lueneburg-schroeder-Kopie\" src=\"http:\/\/werner0304.alfahosting.org\/wordpress\/wp-content\/uploads\/2012\/09\/lueneburg-schroeder-Kopie.jpg\" alt=\"\" width=\"217\" height=\"500\" srcset=\"https:\/\/www.rostock-frueher.de\/wordpress\/wp-content\/uploads\/2012\/09\/lueneburg-schroeder-Kopie.jpg 217w, https:\/\/www.rostock-frueher.de\/wordpress\/wp-content\/uploads\/2012\/09\/lueneburg-schroeder-Kopie-130x300.jpg 130w\" sizes=\"auto, (max-width: 217px) 100vw, 217px\" \/><\/a><\/p>\n<p>Noch heute ist an der gro\u00dfen Glasfront zu erkennen, dass das Haus Brodb\u00e4nken 5 einmal ein Fotoatelier war.<a href=\"http:\/\/werner0304.alfahosting.org\/wordpress\/wp-content\/uploads\/2012\/09\/luehr-brodbaenken-2012-3e-Kopie.jpg\"><img loading=\"lazy\" decoding=\"async\" class=\"aligncenter size-full wp-image-536\" title=\"luehr-brodbaenken-2012-3e-Kopie\" src=\"http:\/\/werner0304.alfahosting.org\/wordpress\/wp-content\/uploads\/2012\/09\/luehr-brodbaenken-2012-3e-Kopie.jpg\" alt=\"\" width=\"315\" height=\"476\" srcset=\"https:\/\/www.rostock-frueher.de\/wordpress\/wp-content\/uploads\/2012\/09\/luehr-brodbaenken-2012-3e-Kopie.jpg 315w, https:\/\/www.rostock-frueher.de\/wordpress\/wp-content\/uploads\/2012\/09\/luehr-brodbaenken-2012-3e-Kopie-198x300.jpg 198w\" sizes=\"auto, (max-width: 315px) 100vw, 315px\" \/><\/a><\/p>\n","protected":false},"excerpt":{"rendered":"Am 21.11.1892 erschien folgende Anzeige in der Rostocker Zeitung: \u201eRostock, 15.11.1892 Hiedurch die ergebene Anzeige, da\u00df ich mit dem heutigen Tage mein seit 25 Jahren bestehendes photographisches Gesch\u00e4ft an Herrn Eduard L\u00fchr, z.Z. in L\u00fcneburg, abgetreten habe. Indem ich meinen Herrn Nachfolger, der in den ersten Ateliers von Wien, M\u00fcnchen, Hamburg und Berlin mit Erfolg [&hellip;]","protected":false},"author":1,"featured_media":0,"parent":210,"menu_order":19,"comment_status":"open","ping_status":"open","template":"","meta":{"footnotes":""},"class_list":["post-552","page","type-page","status-publish","hentry"],"_links":{"self":[{"href":"https:\/\/www.rostock-frueher.de\/wordpress\/index.php?rest_route=\/wp\/v2\/pages\/552","targetHints":{"allow":["GET"]}}],"collection":[{"href":"https:\/\/www.rostock-frueher.de\/wordpress\/index.php?rest_route=\/wp\/v2\/pages"}],"about":[{"href":"https:\/\/www.rostock-frueher.de\/wordpress\/index.php?rest_route=\/wp\/v2\/types\/page"}],"author":[{"embeddable":true,"href":"https:\/\/www.rostock-frueher.de\/wordpress\/index.php?rest_route=\/wp\/v2\/users\/1"}],"replies":[{"embeddable":true,"href":"https:\/\/www.rostock-frueher.de\/wordpress\/index.php?rest_route=%2Fwp%2Fv2%2Fcomments&post=552"}],"version-history":[{"count":26,"href":"https:\/\/www.rostock-frueher.de\/wordpress\/index.php?rest_route=\/wp\/v2\/pages\/552\/revisions"}],"predecessor-version":[{"id":1616,"href":"https:\/\/www.rostock-frueher.de\/wordpress\/index.php?rest_route=\/wp\/v2\/pages\/552\/revisions\/1616"}],"up":[{"embeddable":true,"href":"https:\/\/www.rostock-frueher.de\/wordpress\/index.php?rest_route=\/wp\/v2\/pages\/210"}],"wp:attachment":[{"href":"https:\/\/www.rostock-frueher.de\/wordpress\/index.php?rest_route=%2Fwp%2Fv2%2Fmedia&parent=552"}],"curies":[{"name":"wp","href":"https:\/\/api.w.org\/{rel}","templated":true}]}}