{"id":213,"date":"2011-12-30T10:11:20","date_gmt":"2011-12-30T10:11:20","guid":{"rendered":"http:\/\/werner0304.alfahosting.org\/wordpress\/?page_id=213"},"modified":"2016-08-10T15:33:33","modified_gmt":"2016-08-10T14:33:33","slug":"fotografen-a","status":"publish","type":"page","link":"https:\/\/www.rostock-frueher.de\/wordpress\/?page_id=213","title":{"rendered":"Heinrich Ahrens"},"content":{"rendered":"<h4><span style=\"text-decoration: underline;\">Heinrich<\/span> Georg Friedrich Christian <strong>Ahrens, <\/strong>geb. am18.2.1824, war als Wanderfotograf 1863 in Ribnitz und mindestens von 1866 bis sp\u00e4testens 1870 Fotograf in seiner Geburtsstadt Goldberg.<\/h4>\n<figure id=\"attachment_221\" aria-describedby=\"caption-attachment-221\" style=\"width: 328px\" class=\"wp-caption aligncenter\"><a href=\"http:\/\/werner0304.alfahosting.org\/wordpress\/wp-content\/uploads\/2011\/12\/ahrens-goldberg-mann-cdv-klein.jpg\"><img loading=\"lazy\" decoding=\"async\" class=\"wp-image-221 size-full\" title=\"ahrens-goldberg-mann-cdv-klein\" src=\"http:\/\/werner0304.alfahosting.org\/wordpress\/wp-content\/uploads\/2011\/12\/ahrens-goldberg-mann-cdv-klein.jpg\" width=\"328\" height=\"534\" srcset=\"https:\/\/www.rostock-frueher.de\/wordpress\/wp-content\/uploads\/2011\/12\/ahrens-goldberg-mann-cdv-klein.jpg 328w, https:\/\/www.rostock-frueher.de\/wordpress\/wp-content\/uploads\/2011\/12\/ahrens-goldberg-mann-cdv-klein-184x300.jpg 184w\" sizes=\"auto, (max-width: 328px) 100vw, 328px\" \/><\/a><figcaption id=\"caption-attachment-221\" class=\"wp-caption-text\">Fotografie im Visitformat, entstanden ca.1866-68, typische Atelierausstattung der Zeit: Teppich und einfarbiger Hintergrund<\/figcaption><\/figure>\n<p><em>\u00a0<\/em><\/p>\n<figure id=\"attachment_225\" aria-describedby=\"caption-attachment-225\" style=\"width: 333px\" class=\"wp-caption aligncenter\"><a href=\"http:\/\/werner0304.alfahosting.org\/wordpress\/wp-content\/uploads\/2011\/12\/ahrens-goldberg-mann-cdv-rueck-klein.jpg\"><img loading=\"lazy\" decoding=\"async\" class=\"wp-image-225 size-full\" title=\"ahrens-goldberg-mann-cdv-rueck-klein\" src=\"http:\/\/werner0304.alfahosting.org\/wordpress\/wp-content\/uploads\/2011\/12\/ahrens-goldberg-mann-cdv-rueck-klein.jpg\" width=\"333\" height=\"528\" srcset=\"https:\/\/www.rostock-frueher.de\/wordpress\/wp-content\/uploads\/2011\/12\/ahrens-goldberg-mann-cdv-rueck-klein.jpg 333w, https:\/\/www.rostock-frueher.de\/wordpress\/wp-content\/uploads\/2011\/12\/ahrens-goldberg-mann-cdv-rueck-klein-189x300.jpg 189w\" sizes=\"auto, (max-width: 333px) 100vw, 333px\" \/><\/a><figcaption id=\"caption-attachment-225\" class=\"wp-caption-text\">R\u00fcckseite des obigen Bildes. Die Dekoration \u00fcber dem Namenszug ist in schlichterer Form, reduziert auf den kreisbildenden G\u00fcrtel bereits fr\u00fcher anzutreffen.<\/figcaption><\/figure>\n<p><em>\u00a0<\/em><\/p>\n<figure id=\"attachment_228\" aria-describedby=\"caption-attachment-228\" style=\"width: 264px\" class=\"wp-caption aligncenter\"><a href=\"http:\/\/werner0304.alfahosting.org\/wordpress\/wp-content\/uploads\/2011\/12\/kroepelin-gent-frau-cdv-rueck-klein.jpg\"><img loading=\"lazy\" decoding=\"async\" class=\"wp-image-228 size-medium\" title=\"kroepelin-gent-frau-cdv-rueck-klein\" src=\"http:\/\/werner0304.alfahosting.org\/wordpress\/wp-content\/uploads\/2011\/12\/kroepelin-gent-frau-cdv-rueck-klein-264x300.jpg\" width=\"264\" height=\"300\" srcset=\"https:\/\/www.rostock-frueher.de\/wordpress\/wp-content\/uploads\/2011\/12\/kroepelin-gent-frau-cdv-rueck-klein-264x300.jpg 264w, https:\/\/www.rostock-frueher.de\/wordpress\/wp-content\/uploads\/2011\/12\/kroepelin-gent-frau-cdv-rueck-klein.jpg 525w\" sizes=\"auto, (max-width: 264px) 100vw, 264px\" \/><\/a><figcaption id=\"caption-attachment-228\" class=\"wp-caption-text\"><br \/>Stempel auf der R\u00fcckseite eines Visitportr\u00e4ts von C.H. Gent, Anfang der 1860er Jahre<\/figcaption><\/figure>\n<h4>1868 erh\u00e4lt Ahrens eine \u201eEhrenvolle Anerkennung&#8220; f\u00fcr pr\u00e4sentierte Landschaften auf der Zweiten Ausstellung photographischer Arbeiten des Photographischen Vereins zu Hamburg. Diese Ehrung findet sich sehr bald auf den R\u00fcckseiten der Ahrensschen Arbeiten wieder.<\/h4>\n<p><a href=\"http:\/\/werner0304.alfahosting.org\/wordpress\/wp-content\/uploads\/2011\/12\/ahrens-goldberg-1868-70-mann-cdv-klein.jpg\"><img loading=\"lazy\" decoding=\"async\" class=\"aligncenter size-full wp-image-229\" title=\"ahrens-goldberg-1868-70-mann-cdv-klein\" src=\"http:\/\/werner0304.alfahosting.org\/wordpress\/wp-content\/uploads\/2011\/12\/ahrens-goldberg-1868-70-mann-cdv-klein.jpg\" alt=\"\" width=\"324\" height=\"525\" srcset=\"https:\/\/www.rostock-frueher.de\/wordpress\/wp-content\/uploads\/2011\/12\/ahrens-goldberg-1868-70-mann-cdv-klein.jpg 324w, https:\/\/www.rostock-frueher.de\/wordpress\/wp-content\/uploads\/2011\/12\/ahrens-goldberg-1868-70-mann-cdv-klein-185x300.jpg 185w\" sizes=\"auto, (max-width: 324px) 100vw, 324px\" \/><\/a><\/p>\n<p><a href=\"http:\/\/werner0304.alfahosting.org\/wordpress\/wp-content\/uploads\/2011\/12\/ahrens-goldberg-1868-70-mann-cdv-rueck-klein.jpg\"><img loading=\"lazy\" decoding=\"async\" class=\"aligncenter size-full wp-image-230\" title=\"ahrens-goldberg-1868-70-mann-cdv-rueck-klein\" src=\"http:\/\/werner0304.alfahosting.org\/wordpress\/wp-content\/uploads\/2011\/12\/ahrens-goldberg-1868-70-mann-cdv-rueck-klein.jpg\" alt=\"\" width=\"332\" height=\"527\" \/><\/a><\/p>\n<h4><a href=\"http:\/\/werner0304.alfahosting.org\/wordpress\/wp-content\/uploads\/2014\/12\/ahrens-goldberg-kind-cdv-Kopie.jpg\"><img loading=\"lazy\" decoding=\"async\" class=\"aligncenter size-full wp-image-1863\" src=\"http:\/\/werner0304.alfahosting.org\/wordpress\/wp-content\/uploads\/2014\/12\/ahrens-goldberg-kind-cdv-Kopie.jpg\" alt=\"ahrens-goldberg-kind-cdv-Kopie\" width=\"581\" height=\"473\" srcset=\"https:\/\/www.rostock-frueher.de\/wordpress\/wp-content\/uploads\/2014\/12\/ahrens-goldberg-kind-cdv-Kopie.jpg 581w, https:\/\/www.rostock-frueher.de\/wordpress\/wp-content\/uploads\/2014\/12\/ahrens-goldberg-kind-cdv-Kopie-300x244.jpg 300w\" sizes=\"auto, (max-width: 581px) 100vw, 581px\" \/><\/a><br \/>\nAm 08.06.1870 inserierte Heinrich Ahrens in der Rostocker Zeitung:<br \/>\n<a href=\"http:\/\/werner0304.alfahosting.org\/wordpress\/wp-content\/uploads\/2012\/05\/Ahrens-anzeige.jpg\"><img loading=\"lazy\" decoding=\"async\" class=\"aligncenter size-large wp-image-394\" title=\"Ahrens-anzeige\" src=\"http:\/\/werner0304.alfahosting.org\/wordpress\/wp-content\/uploads\/2012\/05\/Ahrens-anzeige-1024x318.jpg\" alt=\"\" width=\"500\" height=\"155\" srcset=\"https:\/\/www.rostock-frueher.de\/wordpress\/wp-content\/uploads\/2012\/05\/Ahrens-anzeige-1024x318.jpg 1024w, https:\/\/www.rostock-frueher.de\/wordpress\/wp-content\/uploads\/2012\/05\/Ahrens-anzeige-300x93.jpg 300w, https:\/\/www.rostock-frueher.de\/wordpress\/wp-content\/uploads\/2012\/05\/Ahrens-anzeige.jpg 1566w\" sizes=\"auto, (max-width: 500px) 100vw, 500px\" \/><\/a><\/h4>\n<h4>Eingefasst ist die Anzeige mit der Auszeichnung f\u00fcr Ahrens von der schon genannten Hamburger Ausstellung, wobei die R\u00fcckseite &#8222;auf dem Kopf steht&#8220;.<\/h4>\n<h4>Der Standort am Lazaretttor war wohl gut gew\u00e4hlt, denn in unmittelbarer N\u00e4he gab es z.B. \u201eh\u00f6here Reitkunst, Pferdedressur und Gymnastik\u201c im Circus Salamonsky oder auch eine als hochseri\u00f6s und wissenschaftlich avisierte Ausstellung von Folterwerkzeugen, in der u.a. die Mumie einer Seejungfer zu besichtigen war.<br \/>\nDamit Ahrens sein Handwerk aus\u00fcben konnte, stellte er wahrscheinlich ein Glashaus auf.<\/h4>\n<h4>Ab sp\u00e4testens Juli 1870 hatte Heinrich Ahrens ein Atelier in\u00a0der Eselpf\u00f6terstr. 7 bei der Malerwitwe Haack. Frau Haack war eine geborene Ahrens, also wahrscheinlich eine Verwandte von Heinrich Ahrens.<\/h4>\n<figure id=\"attachment_232\" aria-describedby=\"caption-attachment-232\" style=\"width: 300px\" class=\"wp-caption aligncenter\"><a href=\"http:\/\/werner0304.alfahosting.org\/wordpress\/wp-content\/uploads\/2011\/12\/ahrens-rz-1870-07-16-klein.jpg\"><img loading=\"lazy\" decoding=\"async\" class=\"wp-image-232 size-medium\" title=\"ahrens-rz-1870-07-16-klein\" src=\"http:\/\/werner0304.alfahosting.org\/wordpress\/wp-content\/uploads\/2011\/12\/ahrens-rz-1870-07-16-klein-300x71.jpg\" alt=\"\" width=\"300\" height=\"71\" srcset=\"https:\/\/www.rostock-frueher.de\/wordpress\/wp-content\/uploads\/2011\/12\/ahrens-rz-1870-07-16-klein-300x71.jpg 300w, https:\/\/www.rostock-frueher.de\/wordpress\/wp-content\/uploads\/2011\/12\/ahrens-rz-1870-07-16-klein.jpg 729w\" sizes=\"auto, (max-width: 300px) 100vw, 300px\" \/><\/a><figcaption id=\"caption-attachment-232\" class=\"wp-caption-text\">Annonce aus der Rostocker Zeitung vom 16.07.1870<\/figcaption><\/figure>\n<h4>Da die Eself\u00f6terstra\u00dfe in Nord-S\u00fcd-Richtung verl\u00e4uft, ist zu vermuten, dass Heinrich Ahrens im Hof des Hauses ein Glashaus oder \u00e4hnliches baute, da die Lichtverh\u00e4ltnisse im Haus selbst zum Fotografieren v\u00f6llig ungeeignet waren.<\/h4>\n<h4>Noch im selben Jahr zog Ahrens in die Kr\u00f6peliner Stra\u00dfe 14 und blieb dort bis 1889.<br \/>\n<a href=\"http:\/\/werner0304.alfahosting.org\/wordpress\/wp-content\/uploads\/2013\/12\/ahrens-soldaten-hunde-cdv-Kopie.jpg\"><img loading=\"lazy\" decoding=\"async\" class=\"aligncenter size-full wp-image-1308\" src=\"http:\/\/werner0304.alfahosting.org\/wordpress\/wp-content\/uploads\/2013\/12\/ahrens-soldaten-hunde-cdv-Kopie.jpg\" alt=\"ahrens-soldaten-hunde-cdv-Kopie\" width=\"577\" height=\"473\" srcset=\"https:\/\/www.rostock-frueher.de\/wordpress\/wp-content\/uploads\/2013\/12\/ahrens-soldaten-hunde-cdv-Kopie.jpg 577w, https:\/\/www.rostock-frueher.de\/wordpress\/wp-content\/uploads\/2013\/12\/ahrens-soldaten-hunde-cdv-Kopie-300x245.jpg 300w\" sizes=\"auto, (max-width: 577px) 100vw, 577px\" \/><\/a>Die Gestaltung der R\u00fcckseite ist dem Goldberger Portr\u00e4t sehr \u00e4hnlich.<br \/>\nIm Jahr 1880 wirbt Ahrens zur Weihnachtszeit f\u00fcr die Herstellung von Kinderfotos. Kinder waren in der Anfangszeit der Fotografie keine optimalen Modelle. Wegen der langen Belichtungszeiten kam es bei (unruhigen) Kindern oft zu verwackelten Aufnahmen. Die Anzeige kann als Hinweis auf eine verbesserte Aufnahmetechnik gedeutet werden.<\/h4>\n<figure id=\"attachment_3151\" aria-describedby=\"caption-attachment-3151\" style=\"width: 650px\" class=\"wp-caption aligncenter\"><a href=\"http:\/\/werner0304.alfahosting.org\/wordpress\/?attachment_id=3151\" rel=\"attachment wp-att-3151\"><img loading=\"lazy\" decoding=\"async\" class=\"size-full wp-image-3151\" src=\"http:\/\/werner0304.alfahosting.org\/wordpress\/wp-content\/uploads\/2016\/06\/a18-ahrens-junge-cdv.jpg\" alt=\"Visitformat\" width=\"650\" height=\"399\" srcset=\"https:\/\/www.rostock-frueher.de\/wordpress\/wp-content\/uploads\/2016\/06\/a18-ahrens-junge-cdv.jpg 650w, https:\/\/www.rostock-frueher.de\/wordpress\/wp-content\/uploads\/2016\/06\/a18-ahrens-junge-cdv-300x184.jpg 300w\" sizes=\"auto, (max-width: 650px) 100vw, 650px\" \/><\/a><figcaption id=\"caption-attachment-3151\" class=\"wp-caption-text\">Visitformat<\/figcaption><\/figure>\n<figure id=\"attachment_3152\" aria-describedby=\"caption-attachment-3152\" style=\"width: 647px\" class=\"wp-caption aligncenter\"><a href=\"http:\/\/werner0304.alfahosting.org\/wordpress\/?attachment_id=3152\" rel=\"attachment wp-att-3152\"><img loading=\"lazy\" decoding=\"async\" class=\"size-full wp-image-3152\" src=\"http:\/\/werner0304.alfahosting.org\/wordpress\/wp-content\/uploads\/2016\/06\/a47-ahrens-frau-cdv.jpg\" alt=\"Visitformat\" width=\"647\" height=\"406\" srcset=\"https:\/\/www.rostock-frueher.de\/wordpress\/wp-content\/uploads\/2016\/06\/a47-ahrens-frau-cdv.jpg 647w, https:\/\/www.rostock-frueher.de\/wordpress\/wp-content\/uploads\/2016\/06\/a47-ahrens-frau-cdv-300x188.jpg 300w\" sizes=\"auto, (max-width: 647px) 100vw, 647px\" \/><\/a><figcaption id=\"caption-attachment-3152\" class=\"wp-caption-text\">Visitformat<\/figcaption><\/figure>\n<figure id=\"attachment_1306\" aria-describedby=\"caption-attachment-1306\" style=\"width: 570px\" class=\"wp-caption aligncenter\"><a href=\"http:\/\/werner0304.alfahosting.org\/wordpress\/wp-content\/uploads\/2013\/12\/ahrens-rz-1880-12-09-k.jpg\"><img loading=\"lazy\" decoding=\"async\" class=\"size-full wp-image-1306\" src=\"http:\/\/werner0304.alfahosting.org\/wordpress\/wp-content\/uploads\/2013\/12\/ahrens-rz-1880-12-09-k.jpg\" alt=\"Rostocker Zeitung, 09.12.1880\" width=\"570\" height=\"136\" srcset=\"https:\/\/www.rostock-frueher.de\/wordpress\/wp-content\/uploads\/2013\/12\/ahrens-rz-1880-12-09-k.jpg 570w, https:\/\/www.rostock-frueher.de\/wordpress\/wp-content\/uploads\/2013\/12\/ahrens-rz-1880-12-09-k-300x71.jpg 300w\" sizes=\"auto, (max-width: 570px) 100vw, 570px\" \/><\/a><figcaption id=\"caption-attachment-1306\" class=\"wp-caption-text\">Rostocker Zeitung, 09.12.1880<\/figcaption><\/figure>\n<p>&nbsp;<\/p>\n<h4><a href=\"http:\/\/werner0304.alfahosting.org\/wordpress\/wp-content\/uploads\/2011\/12\/kroepelinertor-ca1910-ak-klein.jpg\"><img loading=\"lazy\" decoding=\"async\" class=\"aligncenter size-full wp-image-233\" title=\"kroepelinertor-ca1910-ak-klein\" src=\"http:\/\/werner0304.alfahosting.org\/wordpress\/wp-content\/uploads\/2011\/12\/kroepelinertor-ca1910-ak-klein.jpg\" alt=\"\" width=\"457\" height=\"698\" srcset=\"https:\/\/www.rostock-frueher.de\/wordpress\/wp-content\/uploads\/2011\/12\/kroepelinertor-ca1910-ak-klein.jpg 457w, https:\/\/www.rostock-frueher.de\/wordpress\/wp-content\/uploads\/2011\/12\/kroepelinertor-ca1910-ak-klein-196x300.jpg 196w\" sizes=\"auto, (max-width: 457px) 100vw, 457px\" \/><\/a>Blick zum Kr\u00f6peliner Tor. Die Kr\u00f6peliner Stra\u00dfe 14 ist ganz links im Anschnitt noch zu erkennen. Das Schild vom Hut- und M\u00fctzen-Lager Niekammer geh\u00f6rt noch zum Haus Nr.13. Die Schilder des Berliner Schuhwarenhauses, von Fr. Neumann und der Hut-Fabrik Wilhelm Rath sind an der Nr. 14 befestigt. Die Rathsche Hutfabrik befand sich von 1898 und 1907 in der Nr. 14, also entstand das Bild fr\u00fchestens 10 Jahre nach Schlie\u00dfung des Ateliers.<\/h4>\n<h4><a href=\"http:\/\/werner0304.alfahosting.org\/wordpress\/wp-content\/uploads\/2012\/01\/kroepeliner-str-1920er-zeeck-ak-bearb-klein.jpg\"><img loading=\"lazy\" decoding=\"async\" class=\"aligncenter size-full wp-image-249\" title=\"kroepeliner-str-1920er-zeeck-ak-bearb-klein\" src=\"http:\/\/werner0304.alfahosting.org\/wordpress\/wp-content\/uploads\/2012\/01\/kroepeliner-str-1920er-zeeck-ak-bearb-klein.jpg\" alt=\"\" width=\"678\" height=\"407\" srcset=\"https:\/\/www.rostock-frueher.de\/wordpress\/wp-content\/uploads\/2012\/01\/kroepeliner-str-1920er-zeeck-ak-bearb-klein.jpg 678w, https:\/\/www.rostock-frueher.de\/wordpress\/wp-content\/uploads\/2012\/01\/kroepeliner-str-1920er-zeeck-ak-bearb-klein-300x180.jpg 300w\" sizes=\"auto, (max-width: 678px) 100vw, 678px\" \/><\/a>Ansichtskarte um 1930. Im Erdgeschoss der Kr\u00f6peliner Stra\u00dfe 14 (zweites Haus von links) befinden sich Filialen von C. Retelsdorf, Kaffee-Import und Dampfr\u00f6sterei, und Schlachtermeister Karl Mittelbach.<\/h4>\n<h4><a href=\"http:\/\/werner0304.alfahosting.org\/wordpress\/wp-content\/uploads\/2011\/12\/kroep-14-41-klein.jpg\"><img loading=\"lazy\" decoding=\"async\" class=\"aligncenter size-full wp-image-239\" title=\"kroep-14-41-klein\" src=\"http:\/\/werner0304.alfahosting.org\/wordpress\/wp-content\/uploads\/2011\/12\/kroep-14-41-klein.jpg\" alt=\"\" width=\"399\" height=\"596\" srcset=\"https:\/\/www.rostock-frueher.de\/wordpress\/wp-content\/uploads\/2011\/12\/kroep-14-41-klein.jpg 399w, https:\/\/www.rostock-frueher.de\/wordpress\/wp-content\/uploads\/2011\/12\/kroep-14-41-klein-200x300.jpg 200w\" sizes=\"auto, (max-width: 399px) 100vw, 399px\" \/><\/a>Heute befindet sich\u00a0eine Buchhandlung in der damaligen Kr\u00f6peliner Str. 14, heute Nr. 41.<\/h4>\n<h4>Es\u00a0ist davon auszugehen, dass das Fotoatelier sich nicht im Haus selbst war. M\u00f6glicherweise hat Heinrich Ahrens im Hof sein Atelier errichtet.<\/h4>\n<figure id=\"attachment_262\" aria-describedby=\"caption-attachment-262\" style=\"width: 727px\" class=\"wp-caption aligncenter\"><a href=\"http:\/\/werner0304.alfahosting.org\/wordpress\/wp-content\/uploads\/2012\/01\/fm1012878-k15-Kopie.jpg\"><img loading=\"lazy\" decoding=\"async\" class=\"wp-image-262 size-full\" title=\"fm1012878-k15 Kopie\" src=\"http:\/\/werner0304.alfahosting.org\/wordpress\/wp-content\/uploads\/2012\/01\/fm1012878-k15-Kopie.jpg\" width=\"727\" height=\"296\" srcset=\"https:\/\/www.rostock-frueher.de\/wordpress\/wp-content\/uploads\/2012\/01\/fm1012878-k15-Kopie.jpg 727w, https:\/\/www.rostock-frueher.de\/wordpress\/wp-content\/uploads\/2012\/01\/fm1012878-k15-Kopie-300x122.jpg 300w\" sizes=\"auto, (max-width: 727px) 100vw, 727px\" \/><\/a><figcaption id=\"caption-attachment-262\" class=\"wp-caption-text\">Ausschnitt aus einer Luftbildaufnahme aus den 1920er\/30er Jahren. (Rechte: Foto Marburg)<\/figcaption><\/figure>\n<h4>Kr\u00f6peliner Stra\u00dfe mit dem Warenhaus Zeeck an der Ecke Kuhstra\u00dfe. Das linke der beiden Kreuze markiert die Nr. 14, das rechte Kreuz einen m\u00f6glichen Standort des Ateliers. Das Dach des schuppen\u00e4hnlichen Baus hat eine Neigung, die eine Ateliernutzung erm\u00f6glicht h\u00e4tte, wenn das Dach aus Glas gewesen w\u00e4re.<\/h4>\n<h4>So bleibt vieles Spekulation.<\/h4>\n<p>&nbsp;<\/p>\n","protected":false},"excerpt":{"rendered":"Heinrich Georg Friedrich Christian Ahrens, geb. am18.2.1824, war als Wanderfotograf 1863 in Ribnitz und mindestens von 1866 bis sp\u00e4testens 1870 Fotograf in seiner Geburtsstadt Goldberg. \u00a0 \u00a0 1868 erh\u00e4lt Ahrens eine \u201eEhrenvolle Anerkennung&#8220; f\u00fcr pr\u00e4sentierte Landschaften auf der Zweiten Ausstellung photographischer Arbeiten des Photographischen Vereins zu Hamburg. Diese Ehrung findet sich sehr bald auf den [&hellip;]","protected":false},"author":1,"featured_media":0,"parent":210,"menu_order":2,"comment_status":"open","ping_status":"open","template":"","meta":{"footnotes":""},"class_list":["post-213","page","type-page","status-publish","hentry"],"_links":{"self":[{"href":"https:\/\/www.rostock-frueher.de\/wordpress\/index.php?rest_route=\/wp\/v2\/pages\/213","targetHints":{"allow":["GET"]}}],"collection":[{"href":"https:\/\/www.rostock-frueher.de\/wordpress\/index.php?rest_route=\/wp\/v2\/pages"}],"about":[{"href":"https:\/\/www.rostock-frueher.de\/wordpress\/index.php?rest_route=\/wp\/v2\/types\/page"}],"author":[{"embeddable":true,"href":"https:\/\/www.rostock-frueher.de\/wordpress\/index.php?rest_route=\/wp\/v2\/users\/1"}],"replies":[{"embeddable":true,"href":"https:\/\/www.rostock-frueher.de\/wordpress\/index.php?rest_route=%2Fwp%2Fv2%2Fcomments&post=213"}],"version-history":[{"count":47,"href":"https:\/\/www.rostock-frueher.de\/wordpress\/index.php?rest_route=\/wp\/v2\/pages\/213\/revisions"}],"predecessor-version":[{"id":3154,"href":"https:\/\/www.rostock-frueher.de\/wordpress\/index.php?rest_route=\/wp\/v2\/pages\/213\/revisions\/3154"}],"up":[{"embeddable":true,"href":"https:\/\/www.rostock-frueher.de\/wordpress\/index.php?rest_route=\/wp\/v2\/pages\/210"}],"wp:attachment":[{"href":"https:\/\/www.rostock-frueher.de\/wordpress\/index.php?rest_route=%2Fwp%2Fv2%2Fmedia&parent=213"}],"curies":[{"name":"wp","href":"https:\/\/api.w.org\/{rel}","templated":true}]}}