{"id":1934,"date":"2015-01-23T18:40:15","date_gmt":"2015-01-23T18:40:15","guid":{"rendered":"http:\/\/werner0304.alfahosting.org\/wordpress\/?page_id=1934"},"modified":"2022-06-18T12:53:19","modified_gmt":"2022-06-18T11:53:19","slug":"nikolaus-nissen","status":"publish","type":"page","link":"https:\/\/www.rostock-frueher.de\/wordpress\/?page_id=1934","title":{"rendered":"Nikolaus Nissen"},"content":{"rendered":"<p>\u00dcber Nikolaus Nissen m\u00fcsste man eigentlich keinen Artikel \u00fcber sein Wirken in Rostock schreiben, denn er war weniger als ein Jahr in der Stadt, fr\u00fchestens von Oktober 1862 bis sp\u00e4testens Juli 1863. Da sich einige Schriftst\u00fccke \u00fcber den Herrn im Rostocker Stadtarchiv erhalten haben, die Anlass zu mehr oder weniger wilden Spekulationen geben, wollen wir uns Herrn Nissen widmen. Der Nebel beginnt schon bei der Schreibweise des Vornamens: Nikolaus oder Nicolaus oder Nikolai oder Nikolay, alle Varianten sind vertreten.<br \/>\nIm Oktober, sp\u00e4testens November 1862 \u00fcbernahm Nissen das Atelier am Burgwall 15 von Fritz Kluth. Vorausgegangen war ein gemeinsamer Antrag von Kluth und Nissen vom 07.10.1862 an den Rat, in dem kurzfristig um \u201eErtheilung des Aufenthaltsconsenses\u201c f\u00fcr Nissen gebeten wurde, da Kluth eine Stelle (wohl nicht als Fotograf) in Wien in Aussicht hatte. Nissen wird in dem Antrag als Hofphotograph Sr. K\u00f6niglichen Hoheit des Prinzen Friedrich Carl von Preussen, aus Potsdam kommend, vorgestellt.<\/p>\n<p><a href=\"http:\/\/werner0304.alfahosting.org\/wordpress\/wp-content\/uploads\/2015\/01\/hesse-dethleff-nissen-steffens-rz-1862-11-09.jpg\"><img loading=\"lazy\" decoding=\"async\" src=\"http:\/\/werner0304.alfahosting.org\/wordpress\/wp-content\/uploads\/2015\/01\/hesse-dethleff-nissen-steffens-rz-1862-11-09.jpg\" alt=\"Rostocker Zeitung, 09.11.1862\" width=\"695\" height=\"453\" \/><\/a><\/p>\n<p>Gleich vier Fotografen warben in obigen Anzeigen um die Kundengunst. Steffens machte sogar eine Preisangabe. Leider erschlie\u00dft sich nicht, was f\u00fcr 32 Schilling geliefert worden w\u00e4re.<br \/>\nNissen verzichtete in dem Inserat auf den Hofphotographentitel. Das k\u00f6nnte daran liegen, dass Mecklenburg-Schweriner und Preu\u00dfen in den 1860er Jahren nicht die besten Freunde waren.<\/p>\n<figure style=\"width: 535px\" class=\"wp-caption alignnone\"><a href=\"http:\/\/werner0304.alfahosting.org\/wordpress\/wp-content\/uploads\/2015\/01\/nissen-hornemann-rz-1863-04-12.jpg\"><img loading=\"lazy\" decoding=\"async\" src=\"http:\/\/werner0304.alfahosting.org\/wordpress\/wp-content\/uploads\/2015\/01\/nissen-hornemann-rz-1863-04-12.jpg\" alt=\"Rostocker Zeitung, 12.04.1863\" width=\"535\" height=\"262\" \/><\/a><figcaption class=\"wp-caption-text\">Rostocker Zeitung, 12.04.1863<\/figcaption><\/figure>\n<p>Und in dieser Anzeige gab sich Nissen als Berliner aus.<br \/>\nIn den Berliner Adressb\u00fcchern findet sich ab 1860 aber kein Nikolaus Nissen. Das Potsdamer Adressbuch von 1863 weist hingegen einen Fotografen Nissen in der Waisenstra\u00dfe 53 aus. Und es gibt auch bildliche Belege:<\/p>\n<figure id=\"attachment_1930\" aria-describedby=\"caption-attachment-1930\" style=\"width: 569px\" class=\"wp-caption aligncenter\"><a href=\"http:\/\/werner0304.alfahosting.org\/wordpress\/wp-content\/uploads\/2015\/01\/nissen-potsdam-mann-cdv-Kopie.jpg\"><img loading=\"lazy\" decoding=\"async\" class=\"size-full wp-image-1930\" src=\"http:\/\/werner0304.alfahosting.org\/wordpress\/wp-content\/uploads\/2015\/01\/nissen-potsdam-mann-cdv-Kopie.jpg\" alt=\"N. Nissen, Hof-Photograph in Potsdam. Visitformat\" width=\"569\" height=\"472\" srcset=\"https:\/\/www.rostock-frueher.de\/wordpress\/wp-content\/uploads\/2015\/01\/nissen-potsdam-mann-cdv-Kopie.jpg 569w, https:\/\/www.rostock-frueher.de\/wordpress\/wp-content\/uploads\/2015\/01\/nissen-potsdam-mann-cdv-Kopie-300x249.jpg 300w\" sizes=\"auto, (max-width: 569px) 100vw, 569px\" \/><\/a><figcaption id=\"caption-attachment-1930\" class=\"wp-caption-text\">N. Nissen, Hof-Photograph in Potsdam. Visitformat<\/figcaption><\/figure>\n<p>Bei dem n\u00e4chsten Bild ist nicht klar, ob Nissen der Fotograf war, aber die Adresse stimmt.<\/p>\n<figure id=\"attachment_1931\" aria-describedby=\"caption-attachment-1931\" style=\"width: 299px\" class=\"wp-caption aligncenter\"><a href=\"http:\/\/werner0304.alfahosting.org\/wordpress\/wp-content\/uploads\/2015\/01\/nissen-potsdam-waisenstr-cdv-Kopie.jpg\"><img loading=\"lazy\" decoding=\"async\" class=\"size-full wp-image-1931\" src=\"http:\/\/werner0304.alfahosting.org\/wordpress\/wp-content\/uploads\/2015\/01\/nissen-potsdam-waisenstr-cdv-Kopie.jpg\" alt=\"Photogr. Atelier POTSDAM, Waisen-Str. 53. Visitformat, R\u00fcckseite blanko\" width=\"299\" height=\"472\" srcset=\"https:\/\/www.rostock-frueher.de\/wordpress\/wp-content\/uploads\/2015\/01\/nissen-potsdam-waisenstr-cdv-Kopie.jpg 299w, https:\/\/www.rostock-frueher.de\/wordpress\/wp-content\/uploads\/2015\/01\/nissen-potsdam-waisenstr-cdv-Kopie-190x300.jpg 190w\" sizes=\"auto, (max-width: 299px) 100vw, 299px\" \/><\/a><figcaption id=\"caption-attachment-1931\" class=\"wp-caption-text\">Photogr. Atelier POTSDAM, Waisen-Str. 53. Visitformat, R\u00fcckseite blanko<\/figcaption><\/figure>\n<p>Wenn Nissen wirklich Hoffotograf war, stellt sich die Frage, warum er Potsdam verlie\u00df. 1862\/1863 waren lediglich f\u00fcnf Fotografen in Potsdam ans\u00e4ssig. Ein Hofpr\u00e4dikat war enorm verkaufsf\u00f6rdernd, eine preu\u00dfisches jedoch nicht unbedingt in Mecklenburg. In Rostock warb Nissen auch auf den Untersetzkartons nicht mit dem Hofpr\u00e4dikat.<\/p>\n<figure id=\"attachment_1926\" aria-describedby=\"caption-attachment-1926\" style=\"width: 558px\" class=\"wp-caption aligncenter\"><a href=\"http:\/\/werner0304.alfahosting.org\/wordpress\/wp-content\/uploads\/2015\/01\/nissen-junge-cdv-Kopie.jpg\"><img loading=\"lazy\" decoding=\"async\" class=\"size-full wp-image-1926\" src=\"http:\/\/werner0304.alfahosting.org\/wordpress\/wp-content\/uploads\/2015\/01\/nissen-junge-cdv-Kopie.jpg\" alt=\"N. Nissen. Photographische Anstalt. Rostock. Burgwall 15. Visitformat\" width=\"558\" height=\"472\" srcset=\"https:\/\/www.rostock-frueher.de\/wordpress\/wp-content\/uploads\/2015\/01\/nissen-junge-cdv-Kopie.jpg 558w, https:\/\/www.rostock-frueher.de\/wordpress\/wp-content\/uploads\/2015\/01\/nissen-junge-cdv-Kopie-300x254.jpg 300w\" sizes=\"auto, (max-width: 558px) 100vw, 558px\" \/><\/a><figcaption id=\"caption-attachment-1926\" class=\"wp-caption-text\">N. Nissen. Photographische Anstalt. Rostock. Burgwall 15. Visitformat<\/figcaption><\/figure>\n<figure id=\"attachment_1927\" aria-describedby=\"caption-attachment-1927\" style=\"width: 563px\" class=\"wp-caption aligncenter\"><a href=\"http:\/\/werner0304.alfahosting.org\/wordpress\/wp-content\/uploads\/2015\/01\/nissen-kayser-cdv-Kopie.jpg\"><img loading=\"lazy\" decoding=\"async\" class=\"size-full wp-image-1927\" src=\"http:\/\/werner0304.alfahosting.org\/wordpress\/wp-content\/uploads\/2015\/01\/nissen-kayser-cdv-Kopie.jpg\" alt=\"N. Nissen. Photographische Anstalt. Rostock. Burgwall 15. Visitformat\" width=\"563\" height=\"472\" srcset=\"https:\/\/www.rostock-frueher.de\/wordpress\/wp-content\/uploads\/2015\/01\/nissen-kayser-cdv-Kopie.jpg 563w, https:\/\/www.rostock-frueher.de\/wordpress\/wp-content\/uploads\/2015\/01\/nissen-kayser-cdv-Kopie-300x252.jpg 300w\" sizes=\"auto, (max-width: 563px) 100vw, 563px\" \/><\/a><figcaption id=\"caption-attachment-1927\" class=\"wp-caption-text\">N. Nissen. Photographische Anstalt. Rostock. Burgwall 15. Visitformat<\/figcaption><\/figure>\n<p>Auf dem Bild ist mit Bleistift der abgebildete Junge benannt. Es ist Paul Kayser, Jahrgang 1858. Sein Vater Carl Kayser war von Beruf Pantoffelmacher. Er hatte mehrere Gesellen in Anstellung, geh\u00f6rte wahrscheinlich zu den wohlhabenderen Pantoffelmachern und konnte sich die Anfertigung von Fotografien leisten. Auch er selbst ging mehrfach zum Fotografen.<\/p>\n<p>Im M\u00e4rz 1863 warb Nissen f\u00fcr die Anfertigung von Stereoskopen, was f\u00fcr diese Technik wirklich fr\u00fch war.<\/p>\n<figure id=\"attachment_1932\" aria-describedby=\"caption-attachment-1932\" style=\"width: 630px\" class=\"wp-caption aligncenter\"><a href=\"http:\/\/werner0304.alfahosting.org\/wordpress\/wp-content\/uploads\/2015\/01\/nissen-rz-1863-03-15.jpg\"><img loading=\"lazy\" decoding=\"async\" class=\"size-full wp-image-1932\" src=\"http:\/\/werner0304.alfahosting.org\/wordpress\/wp-content\/uploads\/2015\/01\/nissen-rz-1863-03-15.jpg\" alt=\"Rostocker Zeitung, 15.03.1863\" width=\"630\" height=\"317\" srcset=\"https:\/\/www.rostock-frueher.de\/wordpress\/wp-content\/uploads\/2015\/01\/nissen-rz-1863-03-15.jpg 630w, https:\/\/www.rostock-frueher.de\/wordpress\/wp-content\/uploads\/2015\/01\/nissen-rz-1863-03-15-300x151.jpg 300w\" sizes=\"auto, (max-width: 630px) 100vw, 630px\" \/><\/a><figcaption id=\"caption-attachment-1932\" class=\"wp-caption-text\">Rostocker Zeitung, 15.03.1863<\/figcaption><\/figure>\n<p>In der kurzen Rostocker Zeit senkte Nissen mehrfach die Preise, von\u00a0drei Talern f\u00fcr das Dutzend Visitenkarten auf\u00a0zwei Taler innerhalb von vier Monaten.<\/p>\n<figure id=\"attachment_1943\" aria-describedby=\"caption-attachment-1943\" style=\"width: 570px\" class=\"wp-caption aligncenter\"><a href=\"http:\/\/werner0304.alfahosting.org\/wordpress\/wp-content\/uploads\/2015\/01\/steffens-nissen-rz-1863-01-18.jpg\"><img loading=\"lazy\" decoding=\"async\" class=\"size-full wp-image-1943\" src=\"http:\/\/werner0304.alfahosting.org\/wordpress\/wp-content\/uploads\/2015\/01\/steffens-nissen-rz-1863-01-18.jpg\" alt=\"Rostocker Zeitung, 18.01.1863\" width=\"570\" height=\"319\" srcset=\"https:\/\/www.rostock-frueher.de\/wordpress\/wp-content\/uploads\/2015\/01\/steffens-nissen-rz-1863-01-18.jpg 570w, https:\/\/www.rostock-frueher.de\/wordpress\/wp-content\/uploads\/2015\/01\/steffens-nissen-rz-1863-01-18-300x168.jpg 300w\" sizes=\"auto, (max-width: 570px) 100vw, 570px\" \/><\/a><figcaption id=\"caption-attachment-1943\" class=\"wp-caption-text\">Rostocker Zeitung, 18.01.1863<\/figcaption><\/figure>\n<figure id=\"attachment_1925\" aria-describedby=\"caption-attachment-1925\" style=\"width: 496px\" class=\"wp-caption aligncenter\"><a href=\"http:\/\/werner0304.alfahosting.org\/wordpress\/wp-content\/uploads\/2015\/01\/nissen-hornemann-rz-1863-04-22.jpg\"><img loading=\"lazy\" decoding=\"async\" class=\"size-full wp-image-1925\" src=\"http:\/\/werner0304.alfahosting.org\/wordpress\/wp-content\/uploads\/2015\/01\/nissen-hornemann-rz-1863-04-22.jpg\" alt=\"Rostocker Zeitung, 22.04.1863\" width=\"496\" height=\"275\" srcset=\"https:\/\/www.rostock-frueher.de\/wordpress\/wp-content\/uploads\/2015\/01\/nissen-hornemann-rz-1863-04-22.jpg 496w, https:\/\/www.rostock-frueher.de\/wordpress\/wp-content\/uploads\/2015\/01\/nissen-hornemann-rz-1863-04-22-300x166.jpg 300w\" sizes=\"auto, (max-width: 496px) 100vw, 496px\" \/><\/a><figcaption id=\"caption-attachment-1925\" class=\"wp-caption-text\">Rostocker Zeitung, 22.04.1863<\/figcaption><\/figure>\n<figure id=\"attachment_1933\" aria-describedby=\"caption-attachment-1933\" style=\"width: 550px\" class=\"wp-caption aligncenter\"><a href=\"http:\/\/werner0304.alfahosting.org\/wordpress\/wp-content\/uploads\/2015\/01\/nissen-steffens-rz-1863-05-17.jpg\"><img loading=\"lazy\" decoding=\"async\" class=\"size-full wp-image-1933\" src=\"http:\/\/werner0304.alfahosting.org\/wordpress\/wp-content\/uploads\/2015\/01\/nissen-steffens-rz-1863-05-17.jpg\" alt=\"Rostocker Zeitung, 17.05.1863\" width=\"550\" height=\"190\" srcset=\"https:\/\/www.rostock-frueher.de\/wordpress\/wp-content\/uploads\/2015\/01\/nissen-steffens-rz-1863-05-17.jpg 550w, https:\/\/www.rostock-frueher.de\/wordpress\/wp-content\/uploads\/2015\/01\/nissen-steffens-rz-1863-05-17-300x104.jpg 300w\" sizes=\"auto, (max-width: 550px) 100vw, 550px\" \/><\/a><figcaption id=\"caption-attachment-1933\" class=\"wp-caption-text\">Rostocker Zeitung, 17.05.1863<\/figcaption><\/figure>\n<p>Am 19. Juli 1863 bewarb sich Louis Mankiewicz um eine Aufenthaltserlaubnis in Rostock um \u00dcbernahme des Ateliers von Nissen. Der hatte mittlerweile die Stadt verlassen und 340 Taler Schulden hinterlassen. Im Oktober 1863 unternahm Friedrich Prestin gleich mehrfach denselben Versuch wie Mankiewicz. Ebenfalls ohne Erfolg. Zu diesem Zeitpunkt hatte Hartwig Klodt sein Atelier von der Gro\u00dfen Wasserstra\u00dfe 8 an den Burgwall 14 verlegt. Wahrscheinlich hatte Nissen f\u00fcr seine Aufnahmen ein Glashaus im Hof aufgestellt. Es kann sein, das Klodt dieses Haus \u00fcbernahm. Am Burgwall 15 lie\u00df sich jedenfalls kein Fotograf mehr nieder.<\/p>\n<p>Nikolaus Nissen\u00a0siedelte sich sp\u00e4testens\u00a01865\u00a0in Danzig an. Dort hatte sein Sohn gleichen Namens bereits im April 1862 im Stadtteil Langefuhr ein Atelier er\u00f6ffnet. Dieses bestand bis 1864\/65. ImMai 1865 inserierte Nissen senior im Danziger Intelligenz-Blatt : \u201eNicolay Nissen, Hof-Photograph Sr. K\u00f6nigl. Hoheit des Prinzen Friedrich Carl v. Preussen, Vorst\u00e4dtischen Graben No. 50, empfiehlt sich zur Anfertigung von Photographien jeder Gr\u00f6sse (vom Medaillon, Visitenkarte bis zum lebensgrossen Portrait), landschaftlichen und architectonischen Gegenst\u00e4nden, Copien nach Oelgem\u00e4lden und Daguerreotypen, sowie Anfertigung von stereogrammen jeder Art und verbindet damit die Versicherung einer reellen und billigen Bedienung.<br \/>\nDanzig, den 22. Mai 1865.\u201c<\/p>\n<p>Im September 1866 starb Nikolaus Nissen senior. Sein Sohn verlie\u00df 1867 Danzig und arbeitete anschlie\u00dfend in Memel, Pillau und Allenstein.<\/p>\n<figure id=\"attachment_1928\" aria-describedby=\"caption-attachment-1928\" style=\"width: 587px\" class=\"wp-caption aligncenter\"><a href=\"http:\/\/werner0304.alfahosting.org\/wordpress\/wp-content\/uploads\/2015\/01\/nissen-memel-familie-cdv-Kopie.jpg\"><img loading=\"lazy\" decoding=\"async\" class=\"size-full wp-image-1928\" src=\"http:\/\/werner0304.alfahosting.org\/wordpress\/wp-content\/uploads\/2015\/01\/nissen-memel-familie-cdv-Kopie.jpg\" alt=\"Photographisches Atelier von Nikolay Nissen. Memel. Alexander-Str. 2. Visitformat\" width=\"587\" height=\"472\" srcset=\"https:\/\/www.rostock-frueher.de\/wordpress\/wp-content\/uploads\/2015\/01\/nissen-memel-familie-cdv-Kopie.jpg 587w, https:\/\/www.rostock-frueher.de\/wordpress\/wp-content\/uploads\/2015\/01\/nissen-memel-familie-cdv-Kopie-300x241.jpg 300w\" sizes=\"auto, (max-width: 587px) 100vw, 587px\" \/><\/a><figcaption id=\"caption-attachment-1928\" class=\"wp-caption-text\">Photographisches Atelier von Nikolay Nissen. Memel. Alexander-Str. 2. Visitformat<\/figcaption><\/figure>\n<p>Many thanks to Ireneusz Dunajski<\/p>\n<p>&nbsp;<\/p>\n<p>&nbsp;<\/p>\n<p>&nbsp;<\/p>\n","protected":false},"excerpt":{"rendered":"\u00dcber Nikolaus Nissen m\u00fcsste man eigentlich keinen Artikel \u00fcber sein Wirken in Rostock schreiben, denn er war weniger als ein Jahr in der Stadt, fr\u00fchestens von Oktober 1862 bis sp\u00e4testens Juli 1863. Da sich einige Schriftst\u00fccke \u00fcber den Herrn im Rostocker Stadtarchiv erhalten haben, die Anlass zu mehr oder weniger wilden Spekulationen geben, wollen wir [&hellip;]","protected":false},"author":1,"featured_media":0,"parent":210,"menu_order":24,"comment_status":"open","ping_status":"open","template":"","meta":{"footnotes":""},"class_list":["post-1934","page","type-page","status-publish","hentry"],"_links":{"self":[{"href":"https:\/\/www.rostock-frueher.de\/wordpress\/index.php?rest_route=\/wp\/v2\/pages\/1934","targetHints":{"allow":["GET"]}}],"collection":[{"href":"https:\/\/www.rostock-frueher.de\/wordpress\/index.php?rest_route=\/wp\/v2\/pages"}],"about":[{"href":"https:\/\/www.rostock-frueher.de\/wordpress\/index.php?rest_route=\/wp\/v2\/types\/page"}],"author":[{"embeddable":true,"href":"https:\/\/www.rostock-frueher.de\/wordpress\/index.php?rest_route=\/wp\/v2\/users\/1"}],"replies":[{"embeddable":true,"href":"https:\/\/www.rostock-frueher.de\/wordpress\/index.php?rest_route=%2Fwp%2Fv2%2Fcomments&post=1934"}],"version-history":[{"count":13,"href":"https:\/\/www.rostock-frueher.de\/wordpress\/index.php?rest_route=\/wp\/v2\/pages\/1934\/revisions"}],"predecessor-version":[{"id":2309,"href":"https:\/\/www.rostock-frueher.de\/wordpress\/index.php?rest_route=\/wp\/v2\/pages\/1934\/revisions\/2309"}],"up":[{"embeddable":true,"href":"https:\/\/www.rostock-frueher.de\/wordpress\/index.php?rest_route=\/wp\/v2\/pages\/210"}],"wp:attachment":[{"href":"https:\/\/www.rostock-frueher.de\/wordpress\/index.php?rest_route=%2Fwp%2Fv2%2Fmedia&parent=1934"}],"curies":[{"name":"wp","href":"https:\/\/api.w.org\/{rel}","templated":true}]}}