{"id":2666,"date":"2016-02-01T20:27:57","date_gmt":"2016-02-01T19:27:57","guid":{"rendered":"http:\/\/werner0304.alfahosting.org\/wordpress\/wp-content\/uploads\/2016\/02\/steenbock-kleinkind-cdv-r1.jpg"},"modified":"2016-02-01T20:36:50","modified_gmt":"2016-02-01T19:36:50","slug":"steenbock-kleinkind-cdv-r1","status":"inherit","type":"attachment","link":"https:\/\/www.rostock-frueher.de\/wordpress\/?attachment_id=2666","title":{"rendered":"steenbock-kleinkind-cdv-r1"},"author":1,"featured_media":0,"comment_status":"open","ping_status":"closed","template":"","meta":[],"class_list":["post-2666","attachment","type-attachment","status-inherit","hentry"],"description":{"rendered":"<p class=\"attachment\"><a href='https:\/\/www.rostock-frueher.de\/wordpress\/wp-content\/uploads\/2016\/02\/steenbock-kleinkind-cdv-r1.jpg'><img loading=\"lazy\" decoding=\"async\" width=\"300\" height=\"38\" src=\"https:\/\/www.rostock-frueher.de\/wordpress\/wp-content\/uploads\/2016\/02\/steenbock-kleinkind-cdv-r1-300x38.jpg\" class=\"attachment-medium size-medium\" alt=\"\" srcset=\"https:\/\/www.rostock-frueher.de\/wordpress\/wp-content\/uploads\/2016\/02\/steenbock-kleinkind-cdv-r1-300x38.jpg 300w, https:\/\/www.rostock-frueher.de\/wordpress\/wp-content\/uploads\/2016\/02\/steenbock-kleinkind-cdv-r1.jpg 624w\" sizes=\"auto, (max-width: 300px) 100vw, 300px\" \/><\/a><\/p>\n"},"caption":{"rendered":"Kartonr\u00fcckseite, Ausschnitt, vergr\u00f6\u00dfert."},"alt_text":"","media_type":"image","mime_type":"image\/jpeg","media_details":{"width":624,"height":79,"file":"2016\/02\/steenbock-kleinkind-cdv-r1.jpg","sizes":{"thumbnail":{"file":"steenbock-kleinkind-cdv-r1-150x79.jpg","width":150,"height":79,"mime_type":"image\/jpeg","source_url":"https:\/\/www.rostock-frueher.de\/wordpress\/wp-content\/uploads\/2016\/02\/steenbock-kleinkind-cdv-r1-150x79.jpg"},"medium":{"file":"steenbock-kleinkind-cdv-r1-300x38.jpg","width":300,"height":38,"mime_type":"image\/jpeg","source_url":"https:\/\/www.rostock-frueher.de\/wordpress\/wp-content\/uploads\/2016\/02\/steenbock-kleinkind-cdv-r1-300x38.jpg"},"featured":{"file":"steenbock-kleinkind-cdv-r1-200x79.jpg","width":200,"height":79,"mime_type":"image\/jpeg","source_url":"https:\/\/www.rostock-frueher.de\/wordpress\/wp-content\/uploads\/2016\/02\/steenbock-kleinkind-cdv-r1-200x79.jpg"},"full":{"file":"steenbock-kleinkind-cdv-r1.jpg","width":624,"height":79,"mime_type":"image\/jpeg","source_url":"https:\/\/www.rostock-frueher.de\/wordpress\/wp-content\/uploads\/2016\/02\/steenbock-kleinkind-cdv-r1.jpg"}},"image_meta":{"aperture":0,"credit":"","camera":"CanoScan 5400F\/5200F","caption":"","created_timestamp":1421934888,"copyright":"","focal_length":0,"iso":0,"shutter_speed":0,"title":"","orientation":1,"keywords":[]}},"post":2645,"source_url":"https:\/\/www.rostock-frueher.de\/wordpress\/wp-content\/uploads\/2016\/02\/steenbock-kleinkind-cdv-r1.jpg","_links":{"self":[{"href":"https:\/\/www.rostock-frueher.de\/wordpress\/index.php?rest_route=\/wp\/v2\/media\/2666","targetHints":{"allow":["GET"]}}],"collection":[{"href":"https:\/\/www.rostock-frueher.de\/wordpress\/index.php?rest_route=\/wp\/v2\/media"}],"about":[{"href":"https:\/\/www.rostock-frueher.de\/wordpress\/index.php?rest_route=\/wp\/v2\/types\/attachment"}],"author":[{"embeddable":true,"href":"https:\/\/www.rostock-frueher.de\/wordpress\/index.php?rest_route=\/wp\/v2\/users\/1"}],"replies":[{"embeddable":true,"href":"https:\/\/www.rostock-frueher.de\/wordpress\/index.php?rest_route=%2Fwp%2Fv2%2Fcomments&post=2666"}],"wp:attached-to":[{"embeddable":true,"post_type":"page","id":2645,"href":"https:\/\/www.rostock-frueher.de\/wordpress\/index.php?rest_route=\/wp\/v2\/pages\/2645"}],"curies":[{"name":"wp","href":"https:\/\/api.w.org\/{rel}","templated":true}]}}

Kartonrückseite, Ausschnitt, vergrößert.
